) = -t**3 + 8*t**2 + t - 12. Let g be (-1 + 0)*(-34 + (-1 - 0)). Let y = g - 28. Let b be h(y). What is the greatest common factor of 4 and b?
4
Let l = -151 + 11. Let p = 157 + l. Let u(w) = 6*w**3 - w**2. Let f be u(3). Calculate the greatest common factor of f and p.
17
Suppose -5*i = -946 - 2899. Let c = -288 + i. Calculate the greatest common divisor of 111 and c.
37
Suppose -2*f = 6, 3*k - 3*f = 144 + 216. Let j(q) = -487*q + 35142. Let r be j(72). Calculate the greatest common divisor of r and k.
39
Let n be ((-63)/(-126))/((-1)/(-4))*(-2898)/(-4). Calculate the greatest common divisor of 1771 and n.
161
Suppose 0 = u + 4*u - 5. Suppose -81 + 99 = -h. Let k be 10 - (2 - 0) - h/6. What is the greatest common divisor of k and u?
1
Let z be (-2)/(-4)*(-78 - 16). Let b = z + -47. Let q = 113 + b. What is the greatest common divisor of 19 and q?
19
Let j(h) = 2*h - 9. Let u be j(7). Suppose i - u*i = i. Suppose 2*l - 4*m - 2 = 0, 3*m + 2*m - 20 = i. What is the highest common factor of l and 3?
3
Let u = -35900 - -37022. Calculate the highest common factor of 54 and u.
6
Suppose 5*y - 47 = -4*j, 3*y + 3*j - 29 = j. Suppose -y*g - 61 + 193 = 0. Calculate the highest common divisor of 210 and g.
6
Let w(c) = -3*c**3 + 4*c - 3. Let t be w(1). Let z be (-12)/8 - 243/t. Let r = 391 + -91. What is the highest common factor of z and r?
60
Let m(i) = i**3 - 12*i**2 + 12*i - 14. Let y be m(11). Let k = y + 65. What is the highest common factor of k and 496?
62
Suppose -266 - 307 = -14*w - 531. What is the highest common factor of w and 2049?
3
Let q = -186 - -189. Suppose 9 = 3*v + q*w, 3*v - 5*v - 3*w + 5 = 0. What is the greatest common divisor of 4 and v?
4
Suppose 5*z - 2*z - 5*n + 11 = 0, -n + 4 = 0. Suppose -3*k - 17*k + 540 = 0. What is the highest common divisor of z and k?
3
Let k = 180 + -178. Suppose -232 = -5*x + k*o, -3*x = -6*x - 5*o + 164. Let r be 3 - -81 - (10 + -6). Calculate the greatest common factor of r and x.
16
Let v be ((-64)/(-56))/(2/7). Let c(x) = v - 7*x + 6*x - 5 + 11. Let m be c(-5). Calculate the greatest common factor of 5 and m.
5
Suppose 5*b = -2*j + 24294, -19*j + 18*j + 34008 = 7*b. What is the highest common divisor of 14 and b?
14
Let v be (120/(-260) - 7803/78)/(1/(-2)). Calculate the highest common factor of v and 9313.
67
Suppose -13 = -2*m - 3. Let p be 1 + ((-1675)/5)/m. Let s = 166 + p. Calculate the highest common factor of s and 40.
20
Let p be (-2)/6*-1078*(-24)/(-16). Let b = 1477 - p. What is the greatest common factor of 14 and b?
14
Let t be 35604/(-161) - 2/(-14). Let z be (0 + t/(-2))/(2/4). Calculate the highest common divisor of z and 39.
13
Let b(k) = 3*k**2 + 8*k - 27. Let d be b(3). Suppose 9*r + 0*r - 81 = 0. Let p = 12 - r. What is the greatest common divisor of d and p?
3
Let s be (-50)/(-6) - 1/3. Let u be (-207)/(-12) + 6/s. Let c = -9 + 15. What is the greatest common divisor of c and u?
6
Suppose -194*i + 68 = -190*i. Let w be 3/18*3*-14. Let s(a) = -2*a + 3. Let p be s(w). Calculate the greatest common divisor of i and p.
17
Let p = -34 - -37. Suppose b = p*b. Suppose 0 = -3*c - 9, b = -m + 4*c + 12 + 28. Calculate the greatest common divisor of m and 196.
28
Let h(u) = -10 - 55*u**2 - 3*u**3 + 60*u**2 + 2*u**3. Let s be h(4). What is the highest common factor of s and 24?
6
Let c(d) = 5*d - 84. Let x be c(39). Suppose 8*p - 41 = x. What is the highest common divisor of p and 437?
19
Suppose 4*u - 124 = 4*f, -57*u + 58*u - 43 = 5*f. Calculate the highest common divisor of u and 2366.
14
Let k be ((-2)/(-9) + (-5171)/(-18))*(-516)/(-645). What is the highest common divisor of k and 20?
10
Let v be 9 - 7 - (-6)/(-2). Let l(z) = -306*z + 9. Let s be l(v). What is the greatest common divisor of s and 35?
35
Suppose 210*w = -4498 + 2314078. Calculate the greatest common divisor of w and 188.
94
Let z = -259 - -265. Suppose -4*b = -z*b + 282. What is the greatest common divisor of 188 and b?
47
Suppose 7*b = 4 + 24. Let l be (8 + -6)*(b - 2). Suppose l*a + 27 - 147 = 0. What is the highest common factor of 210 and a?
30
Let z be -4 - 5*(3 - 65/25). Let q be 0 + (-660)/z*1. Calculate the highest common factor of 10 and q.
10
Let n = -247 - -47. Let k = n + 350. Calculate the greatest common divisor of 5 and k.
5
Let j(l) = -131 - 158*l + l**2 + 312*l - 155*l. Let c be j(13). What is the highest common divisor of 475 and c?
25
Let i(o) = 11*o + 19. Let a(f) = f. Let p(j) = -a(j) + i(j). Let c be p(22). Suppose -3*v = 3, v = k - 5*k + c. What is the greatest common divisor of k and 6?
6
Suppose 11*o + 6916 - 8126 = 0. Calculate the greatest common factor of 70 and o.
10
Suppose -7 = -2*k + 35. Suppose -15*x = -14*x - 182. Let h = x - 161. What is the greatest common factor of h and k?
21
Suppose 223*j = 192*j + 293818. Calculate the greatest common divisor of j and 42.
14
Suppose -33*p = 44*p + 23*p - 1202800. What is the highest common factor of 194 and p?
194
Let j be 1158 + 126/(-630)*(-40 - 0). What is the greatest common factor of j and 22?
22
Suppose 4*s = -3*g + 9372, -2*s + 335 = 4*g - 4341. What is the highest common factor of 68 and s?
34
Let x = -5462 + 8128. Calculate the highest common factor of 62 and x.
62
Let w = 415 + -372. Let c be 8/(-24) + w/3. Calculate the highest common divisor of c and 294.
14
Suppose -5 = -j, 3*j - j = -5*v + 155. Let m = 147 - 144. Let o be 3 + (v - (-9)/m). What is the greatest common factor of o and 7?
7
Let l = 20 - -22. Suppose -20*c - 141 = -23*c. Let p = c - l. Calculate the greatest common factor of 10 and p.
5
Suppose 44 = 3*z + 29, 0 = 4*f + 5*z - 65. Let d = f + 31. What is the highest common divisor of d and 205?
41
Suppose -55 = -2*b + 5. Let t(y) = y**2 - 7*y + 20. Let c be t(5). What is the greatest common divisor of c and b?
10
Let y(m) = 5*m**2 + 31. Let k be y(-7). Let p be (3 - 0)/(-2*(-9)/k). Calculate the highest common factor of 322 and p.
46
Let j(l) = 3*l**2 - 261*l + 864. Let w be j(104). Calculate the greatest common divisor of 24 and w.
24
Suppose -4*a = -3*b + 4, 0*b + 3*a = -4*b + 22. Suppose -4*j = -b*k - 848, -j + 292 = -5*k + 64. Calculate the highest common divisor of 16 and j.
16
Let v = -30 - -49. Let m be 44/462*3*(-7315)/(-10). Calculate the highest common factor of m and v.
19
Let q(b) = -12*b + 20. Let g be q(-15). Let o be (850/(-15))/((-20)/30) - 5. Calculate the greatest common factor of g and o.
40
Let o(l) = -36*l - 9. Let r be o(-7). Suppose -81 = -2*g + r. Suppose 28*s - 36*s - 216 = -20*s. What is the highest common divisor of g and s?
18
Let s be ((-1)/(-1))/(-4*7/(-84)). Suppose s*k = -4*k + 1701. Calculate the highest common divisor of k and 189.
27
Suppose -14*m = -8*m - 15096. Suppose -15*r = 2*r - m. Calculate the highest common factor of r and 111.
37
Let v = -51 + 87. Let d = v + -13. Suppose 28*q - 140 = d*q. What is the greatest common factor of q and 4?
4
Let n(y) = -6*y**3 + 6*y**3 + y**2 + y**3 + 8*y - 10*y + 8. Let k be n(4). Calculate the greatest common divisor of 16 and k.
16
Suppose -z + 4*f + 466 = 0, 4*f - 466 = -122*z + 121*z. Let p = z - 439. Calculate the highest common factor of p and 729.
27
Suppose 3*n + 647 = 5*i, -283*i + 278*i + 4*n + 646 = 0. What is the greatest common divisor of 5382 and i?
26
Suppose -10*v + 28 = -17*v, 2*k + 4*v = 1038. What is the greatest common factor of 372 and k?
31
Let i = -70428 - -104081. Calculate the greatest common factor of i and 73.
73
Let w = 293 - 136. Let i = w + 355. Calculate the highest common factor of i and 32.
32
Let o(p) = 5 + 1 - p - 3. Let f = -1805 + 1794. Let g be o(f). Calculate the highest common divisor of 112 and g.
14
Let m(d) = -d + 1. Let x be m(-8). Suppose -x*y = -704 + 155. Let w be (-1)/3 - 0 - y/(-3). Calculate the greatest common factor of w and 160.
20
Let b(d) = 31*d - 51. Let g = -542 + 555. Let x be b(g). Calculate the greatest common divisor of x and 44.
44
Suppose 51 + 60 = 3*q. Suppose 2*s - 163 = 3*d, -59 = -s - 25*d + 22*d. What is the greatest common divisor of q and s?
37
Suppose -69*l - 4*s - 360 = -70*l, -4*l + 5*s + 1374 = 0. What is the greatest common factor of 1296 and l?
48
Suppose -21*k + 311 = 38. Suppose k*j - 428 = 196. Calculate the highest common factor of j and 24.
24
Suppose -372*y - 13